 the remainder when 2957 is divided by 590?
7
What is the remainder when 179 is divided by 115?
64
Calculate the remainder when 5624 is divided by 25.
24
Calculate the remainder when 45 is divided by 10.
5
What is the remainder when 322 is divided by 86?
64
Calculate the remainder when 37 is divided by 14.
9
Calculate the remainder when 2249 is divided by 10.
9
What is the remainder when 5908 is divided by 23?
20
Calculate the remainder when 638 is divided by 86.
36
What is the remainder when 322 is divided by 83?
73
What is the remainder when 556 is divided by 177?
25
Calculate the remainder when 79 is divided by 34.
11
What is the remainder when 68 is divided by 10?
8
What is the remainder when 1415 is divided by 118?
117
What is the remainder when 986 is divided by 21?
20
Calculate the remainder when 2547 is divided by 52.
51
Calculate the remainder when 825 is divided by 23.
20
What is the remainder when 183 is divided by 59?
6
What is the remainder when 7 is divided by 4?
3
What is the remainder when 25 is divided by 11?
3
Calculate the remainder when 361 is divided by 9.
1
Calculate the remainder when 254 is divided by 175.
79
Calculate the remainder when 72 is divided by 35.
2
Calculate the remainder when 265 is divided by 34.
27
What is the remainder when 194 is divided by 35?
19
What is the remainder when 131 is divided by 7?
5
Calculate the remainder when 278 is divided by 26.
18
What is the remainder when 19502 is divided by 47?
44
Calculate the remainder when 390 is divided by 32.
6
What is the remainder when 240 is divided by 33?
9
Calculate the remainder when 123 is divided by 29.
7
What is the remainder when 585 is divided by 12?
9
Calculate the remainder when 300 is divided by 52.
40
What is the remainder when 481 is divided by 32?
1
Calculate the remainder when 976 is divided by 20.
16
What is the remainder when 262 is divided by 103?
56
Calculate the remainder when 3184 is divided by 78.
64
What is the remainder when 190 is divided by 59?
13
What is the remainder when 11136 is divided by 47?
44
Calculate the remainder when 813 is divided by 34.
31
What is the remainder when 1383 is divided by 278?
271
What is the remainder when 5778 is divided by 1924?
6
What is the remainder when 2626 is divided by 9?
7
Calculate the remainder when 269 is divided by 30.
29
What is the remainder when 111 is divided by 7?
6
What is the remainder when 325 is divided by 112?
101
What is the remainder when 953 is divided by 26?
17
Calculate the remainder when 951 is divided by 41.
8
What is the remainder when 45 is divided by 8?
5
Calculate the remainder when 1669 is divided by 54.
49
Calculate the remainder when 4306 is divided by 52.
42
What is the remainder when 493 is divided by 79?
19
Calculate the remainder when 450 is divided by 37.
6
What is the remainder when 11 is divided by 6?
5
What is the remainder when 287 is divided by 84?
35
What is the remainder when 16904 is divided by 115?
114
Calculate the remainder when 102 is divided by 8.
6
Calculate the remainder when 58 is divided by 41.
17
What is the remainder when 211 is divided by 24?
19
Calculate the remainder when 425 is divided by 154.
117
What is the remainder when 116 is divided by 31?
23
What is the remainder when 109 is divided by 13?
5
Calculate the remainder when 575 is divided by 96.
95
What is the remainder when 342 is divided by 23?
20
What is the remainder when 172 is divided by 36?
28
Calculate the remainder when 1871 is divided by 156.
155
Calculate the remainder when 49 is divided by 4.
1
What is the remainder when 220 is divided by 66?
22
Calculate the remainder when 276 is divided by 35.
31
Calculate the remainder when 781 is divided by 202.
175
What is the remainder when 154 is divided by 41?
31
What is the remainder when 303 is divided by 163?
140
Calculate the remainder when 4174 is divided by 58.
56
Calculate the remainder when 163 is divided by 72.
19
What is the remainder when 1183 is divided by 12?
7
Calculate the remainder when 159 is divided by 63.
33
Calculate the remainder when 15397 is divided by 220.
217
Calculate the remainder when 229 is divided by 31.
12
What is the remainder when 890 is divided by 9?
8
What is the remainder when 43 is divided by 18?
7
Calculate the remainder when 324 is divided by 25.
24
Calculate the remainder when 102 is divided by 17.
0
Calculate the remainder when 64 is divided by 38.
26
What is the remainder when 182 is divided by 28?
14
What is the remainder when 4792 is divided by 94?
92
What is the remainder when 743 is divided by 75?
68
What is the remainder when 906 is divided by 101?
98
What is the remainder when 121 is divided by 85?
36
What is the remainder when 119 is divided by 9?
2
What is the remainder when 433 is divided by 131?
40
Calculate the remainder when 5689 is divided by 1891.
16
Calculate the remainder when 206 is divided by 26.
24
What is the remainder when 69 is divided by 9?
6
Calculate the remainder when 1492 is divided by 65.
62
What is the remainder when 1028 is divided by 170?
8
What is the remainder when 3625 is divided by 7?
6
What is the remainder when 49 is divided by 27?
22
What is the remainder when 107 is divided by 12?
11
Calculate the remainder when 516 is divided by 185.
146
Calculate the remainder when 666 is divided by 62.
46
Calculate the remainder when 2697 is divided by 18.
15
Calculate the remainder when 415 is divided by 52.
51
Calculate the remainder when 32 is divided by 4.
0
Calculate the remainder when 118 is divided by 61.
57
Calculate the remainder when 475 is divided by 80.
75
What is the remainder when 638 is divided by 123?
23
Calculate the remainder when 164 is divided by 80.
4
What is the remainder when 7514 is divided by 45?
44
Calculate the remainder when 1713 is divided by 33.
30
Calculate the remainder when 76 is divided by 28.
20
Calculate the remainder when 825 is divided by 70.
55
Calculate the remainder when 439 is divided by 21.
19
What is the remainder when 1930 is divided by 214?
4
What is the remainder when 125 is divided by 20?
5
Calculate the remainder when 9651 is divided by 76.
75
Calculate the remainder when 106 is divided by 91.
15
What is the remainder when 951 is divided by 7?
6
Calculate the remainder when 1727 is divided by 144.
143
What is the remainder when 384 is divided by 125?
9
What is the remainder when 10319 is divided by 13?
10
Calculate the remainder when 170 is divided by 144.
26
Calculate the remainder when 4293 is divided by 38.
37
What is the remainder when 2239 is divided by 6?
1
Calculate the remainder when 1508 is divided by 18.
14
Calculate the remainder when 39 is divided by 16.
7
What is the remainder when 183 is divided by 102?
81
Calculate the remainder when 17 is divided by 3.
2
Calculate the remainder when 3531 is divided by 295.
286
What is the remainder when 212 is divided by 31?
26
Calculate the remainder when 4711 is divided by 152.
151
What is the remainder when 1414 is divided by 24?
22
Calculate the remainder when 48 is divided by 37.
11
What is the remainder when 956 is divided by 33?
32
What is the remainder when 880 is divided by 98?
96
Calculate the remainder when 871 is divided by 27.
7
What is the remainder when 526 is divided by 20?
6
Calculate the remainder when 1373 is divided by 400.
173
What is the remainder when 543 is divided by 194?
155
Calculate the remainder when 1102 is divided by 17.
14
What is the remainder when 2697 is divided by 868?
93
Calculate the remainder when 459 is divided by 33.
30
What is the remainder when 110 is divided by 66?
44
Calculate the remainder when 10289 is divided by 3428.
5
What is the remainder when 254 is divided by 8?
6
What is the remainder when 604 is divided by 269?
66
What is the remainder when 3202 is divided by 799?
6
Calculate the remainder when 344 is divided by 125.
94
Calculate the remainder when 1369 is divided by 14.
11
Calculate the remainder when 69 is divided by 22.
3
What is the remainder when 95 is divided by 45?
5
What is the remainder when 337 is divided by 81?
13
Calculate the remainder when 76 is divided by 26.
24
What is the remainder when 459 is divided by 87?
24
What is the remainder when 1146 is divided by 115?
111
What is the remainder when 533